Let v(j) = -j. Let y be v(0). Suppose y = -2*u - 0*u + 8. List the prime factors of -2*1 + 20/u.
3
Suppose 0*j + 3*a - 4 = -2*j, 0 = -4*j + 4*a + 8. Suppose -150 = -4*u + 5*d, -2*d = j*u - d - 68. What are the prime factors of u?
5, 7
Suppose 2*c = 7*c - 405. What are the prime factors of c?
3
Let h(s) = -s**2 - 7*s - 1. Let b be h(-6). Suppose 4 = 4*y - 28. Suppose 4*x - 24 = 4*p, b*p + y = -x - 4. What are the prime factors of x?
3
Suppose 0 = -4*f - 3*l + 3, 3*f + f + 4*l = 0. Suppose f*x + 64 = 4*o, 5*x - 18 + 93 = 5*o. What are the prime factors of o?
19
Suppose 5*h = 4*l + 8, 3*h + 3*l - 24 = -3. Suppose j + 117 = h*j. List the prime factors of j.
3, 13
Suppose -5*u = -28 + 88. What are the prime factors of 1/(-1 + (-15)/u)?
2
Suppose 3*z - 7 = 17. Suppose 4 = 5*v + 4*p, 4 = -2*v - p + 8. Suppose 2*t + 0*t = v*m - z, -5*m - 5*t + 40 = 0. What are the prime factors of m?
2
Suppose 16*u = 18*u - 88. List the prime factors of u.
2, 11
Let o(u) = 4*u**2 - 2*u - 1. Suppose -5*q + 24 = -3*y, -q = 5*y - 2 + 14. List the prime factors of o(q).
29
Suppose 0 = 5*w - 10, 3*q - 61 - 77 = -3*w. Let m = -18 + q. List the prime factors of m.
2, 13
Let f = 5 - -14. List the prime factors of f.
19
Suppose 15*z = 4334 + 1651. What are the prime factors of z?
3, 7, 19
Let m = -1 - 0. List the prime factors of 1/(-1)*(m + -7).
2
Let p = -23 + 24. What are the prime factors of (0 - (3 + -40))/p?
37
Let s be 10/(-35) + (-158)/(-14). Suppose -5 = r + s. Let o = r + 28. List the prime factors of o.
2, 3
Suppose 0 = 3*p - 0*p - 9. Suppose -4*z + 56 = f, -3*z - p*f + 77 = 2*z. Let j = z - 6. What are the prime factors of j?
7
Suppose -2*p = p + 51. List the prime factors of p/(-3) + 4/12.
2, 3
Let n be 9/2 + (-9)/18. Suppose r + 0 = n. What are the prime factors of r?
2
Suppose 0 = -4*h - 2*f + 14, 3*f = 5 + 4. What are the prime factors of h?
2
Let q(h) = 2*h**2 + 12*h + 5. Let s be q(-6). Let p = -2 - 1. Let n = s + p. List the prime factors of n.
2
Let v(n) be the second derivative of n**3/6 + n**2 - n. Let z be v(-2). Suppose -2*o + 3*f = -25, -f + z + 57 = 4*o. List the prime factors of o.
2, 7
What are the prime factors of (-1 + 3/6)/(4/(-408))?
3, 17
Suppose -3*s - s + 64 = j, 2*j + 5*s - 140 = 0. What are the prime factors of j?
2, 5
Let g(l) = 10*l + 4. Let c be g(-3). Let h = c + 49. Let u = h - 16. What are the prime factors of u?
7
Let p = -41 + 121. Suppose -2*f + p = -4*f. Let o = -28 - f. List the prime factors of o.
2, 3
Let m be (-30)/((-1)/(-2)*-2). Suppose -6*d = -3*d + 3*s - m, -d + 2*s + 4 = 0. List the prime factors of d.
2
Suppose -s - 29 + 94 = 0. What are the prime factors of s?
5, 13
Let v(y) = y**2 - 4*y - 3. Let w be v(5). Suppose 3*g + 4 = 2*r - 26, -w*r = -g - 26. What are the prime factors of r?
2, 3
Let n = -10 - -3. Let g be (-299)/n + (-6)/(-21). Let r = -31 + g. What are the prime factors of r?
2, 3
Let b = -10 + 35. What are the prime factors of b?
5
Let o = 7 - 5. Let h be -3*2*3/(-2). Suppose h = -c + o*c. What are the prime factors of c?
3
Let k = 13 + -4. List the prime factors of k.
3
Let m = 124 + -58. List the prime factors of m.
2, 3, 11
Let a(n) = -n**2 - 13*n - 6. Let y be (0 + 1 - 4)*-4. Let g be (-1)/((y/(-33))/(-4)). List the prime factors of a(g).
2
Let a be (-1 - -1)/(2/2). Let m = 15 - 3. Suppose a = -4*i + i + m. List the prime factors of i.
2
Suppose -l - 4*z + 24 = 8, 3*z - 6 = 0. What are the prime factors of l?
2
Suppose 2*y = y + 27. Let g = -16 + y. List the prime factors of g.
11
Let p = 4 - 4. Suppose 0 = -p*a + 2*a. Suppose a = k - 12. What are the prime factors of k?
2, 3
Let i = 144 + -13. Let b = i + -79. List the prime factors of b.
2, 13
Let t(n) = 0*n - n**2 + n - n + n. Let w(g) = -g - 3. Let f(k) = -t(k) + w(k). What are the prime factors of f(5)?
2, 3
Suppose -5*x + 425 = -3*a, 307 = 3*x - 3*a + 58. List the prime factors of x.
2, 11
Let m(v) be the second derivative of v**4/4 + 5*v**3/6 + v**2 + 2*v. What are the prime factors of m(-3)?
2, 7
Let q(v) = -v**2 - 13*v - 3. Let c be q(-9). Suppose -c = -4*n - 1. What are the prime factors of n?
2
Let i(v) = v**3 + 5*v**2 - 2*v - 4. Let z be i(-5). Let q = z + -3. List the prime factors of q.
3
Let v = -145 - -217. List the prime factors of v.
2, 3
Let v be 4 - 0/(3 + -2). Suppose -z = -8 - v. List the prime factors of z.
2, 3
Let h = 357 + -237. Suppose -5*q + q = -h. List the prime factors of q.
2, 3, 5
Let n(q) be the third derivative of q**6/120 - q**5/30 + q**4/6 - q**3/3 - 2*q**2. List the prime factors of n(2).
2, 3
What are the prime factors of (-7 + 126)*(-1 - -2)?
7, 17
Let q(l) = -l**3 + 6*l**2 + 7*l + 4. Suppose 0 = 4*w - 8, z - 1 = 4*w - 2. List the prime factors of q(z).
2
Let n(s) = s**2 - s - 2. Let k(u) = u. Let t(a) = -k(a) + n(a). List the prime factors of t(4).
2, 3
Let x be (0 - -1)/(4/16). Suppose 2*c = x*s + 46, c - 3*c + 50 = -5*s. Suppose -5*n - 4*f + 49 = 6, 5*f = -c. List the prime factors of n.
11
Suppose 46 = 3*i - 2*i + 2*w, -5*i = -3*w - 269. List the prime factors of i.
2, 13
Suppose 2*i + 2*g - 24 = 0, 0 = -5*i - 2*g - g + 60. Suppose -2*m = 18 + i. List the prime factors of 44/6 + 5/m.
7
Let k be 9/((-9)/(-3)) + -15. Let p be (k/14)/(3/(-63)). Let c = p - 1. What are the prime factors of c?
17
Suppose 0 + 10 = w + 5*g, w - 3*g = 2. Suppose 0 = 2*m - 3*p - 0 + 1, -w*m = 2*p - 26. What are the prime factors of m?
2
Let v = 220 + -70. Suppose -v = -5*z - 0*z. List the prime factors of z.
2, 3, 5
Let g(v) = v**2 + v + 9. Let r = -2 + 2. Let l be g(r). What are the prime factors of l/(-2*2/(-4))?
3
Suppose 0 = -0*j - 2*j + r + 7, 17 = 4*j - r. Suppose -2*s + m - 7 = 0, -28 = 4*s - j*m + 1. What are the prime factors of s/(-4) + (-19)/(-4)?
5
Suppose 2*n - 807 = -n. What are the prime factors of n?
269
Suppose -4*v = -26 + 2. What are the prime factors of v?
2, 3
Suppose 36 - 3 = -3*s. Let a be (-2)/3 + s/(-3). Suppose 5*f = a*f + 16. What are the prime factors of f?
2
Suppose 4*y - 162 = b, -155 - 19 = -4*y - 5*b. What are the prime factors of y?
41
Let s be -9*1*3/9. What are the prime factors of s/(-9) - 41/(-3)?
2, 7
Suppose -s = -3*s - 6. What are the prime factors of s + 4*(-2 + 7)?
17
Let n(y) = 8*y - 6. What are the prime factors of n(5)?
2, 17
Suppose -141 = -4*x + 3*d, 4*d = -2*x + 3*d + 73. List the prime factors of x.
2, 3
Suppose 3*l - 5*i - 32 = 0, 2*i + 20 = 2*l - 0. What are the prime factors of l?
3
Suppose 3*x - 76 = -5*f + 73, f - 25 = x. Suppose u = -2*w + 47, 4*u = u - w + 121. Let d = u - f. List the prime factors of d.
11
Suppose 0*x = -4*z + 3*x + 20, 0 = z - x - 5. Suppose -10 = -5*j + z. What are the prime factors of (j/(-6))/(2/(-20))?
5
Suppose -408 = -6*v + 2*v. List the prime factors of v.
2, 3, 17
Suppose -348 = -2*r + 2*h - 0*h, r - 170 = -3*h. What are the prime factors of r?
173
Let d(w) = w + 6 + 3*w - 3*w. Let k be d(-6). Suppose 0 = -g - k + 3. List the prime factors of g.
3
Let j = 103 - 64. Suppose j = i + 2*i. What are the prime factors of i?
13
Let o = -31 - -13. Let l = -11 - o. What are the prime factors of l?
7
Let b(c) = 2*c**2 - 3*c. Let j be b(3). Suppose 0 = 3*n + 2*z - 25 + j, -2*n - 5*z + 18 = 0. Let a(w) = w**2 - 5. List the prime factors of a(n).
11
List the prime factors of 2/(21/(-12) + 2).
2
Let q(b) = 4*b. Let h be q(4). Let z be 14/(-8) - 4/h. List the prime factors of z/((3/(-7))/3).
2, 7
Let h(r) = 2*r - 1. Let l be h(3). Suppose 2*w = -6, 0 = 5*s + 4*w - l*w - 403. Suppose -4*t = -s + 20. List the prime factors of t.
3, 5
Suppose -95 = -5*v - 0*v. What are the prime factors of v?
19
Let y = -121 - -209. List the prime factors of y.
2, 11
Let f = 31 + -20. Suppose f = 3*q + 4*k - 23, q + 5*k - 26 = 0. Let s = q - -4. List the prime factors of s.
2, 5
Let k(b) = -b**2 - 7*b - 3. Let t be k(-6). Suppose t*x + 3*w + 0*w - 15 = 0, 3*x - 5*w + 9 = 0. What are the prime factors of x?
2
Let c(h) = -3*h - 12. List the prime factors of c(-11).
3, 7
Let f(r) = -7*r**3 + 4*r**2 + 6*r + 8. Let h(l) = l**3 - l - 1. Let s = 5 - -1. Let u(w) = s*h(w) + f(w). List the prime factors of u(4).
2
Let w(t) = t**2 - 2*t - 2. Let i(x) = -6*x**3 + 2*x + 1. Let m = -12 - -11. Let v be i(m). List the prime factors of w(v).
13
Let z(u) = -5*u + 1. Let h be z(-1). Suppose h*f - 21 = 5